{"id":170,"date":"2019-10-16T14:55:16","date_gmt":"2019-10-16T14:55:16","guid":{"rendered":"http:\/\/csu-hahnbach.de\/?page_id=170"},"modified":"2025-04-20T16:32:59","modified_gmt":"2025-04-20T16:32:59","slug":"ov-suess","status":"publish","type":"page","link":"https:\/\/csu-hahnbach.de\/?page_id=170","title":{"rendered":"OV S\u00fc\u00df"},"content":{"rendered":"\n<p><strong>Vorsitzender:&nbsp;<\/strong>Uwe Friedrich<\/p>\n\n\n\n<p><strong>Stellvertreter:<\/strong>&nbsp;Manfred Wendl<\/p>\n\n\n\n<p><strong>Schriftf\u00fchrer:<\/strong>&nbsp;Ronald List<\/p>\n\n\n\n<p><strong>Digitalbeauftragter:<\/strong>&nbsp;Uwe Friedrich<\/p>\n\n\n\n<p><strong>Beisitzer:<\/strong>&nbsp;Norbert B\u00f6sl, Hans Koch, Werner Kohl, Johann Lederer, Bernhard Lindner, Jakob List, Alexander R\u00f6sl<br><\/p>\n\n\n\n<p><strong>Delegierte in die Kreisvertreterversammlung:<\/strong>&nbsp;Norbert B\u00f6sl, Uwe Friedrich, Bernhard Lindner, Manfred Wendl<\/p>\n\n\n\n<figure class=\"wp-block-image size-large\"><img fetchpriority=\"high\" decoding=\"async\" width=\"1024\" height=\"768\" src=\"http:\/\/csu-hahnbach.de\/wp-content\/uploads\/2025\/04\/2025_02_10_Ortshauptversammlung_Suess-1024x768.jpg\" alt=\"\" class=\"wp-image-460\" srcset=\"https:\/\/csu-hahnbach.de\/wp-content\/uploads\/2025\/04\/2025_02_10_Ortshauptversammlung_Suess-1024x768.jpg 1024w, https:\/\/csu-hahnbach.de\/wp-content\/uploads\/2025\/04\/2025_02_10_Ortshauptversammlung_Suess-300x225.jpg 300w, https:\/\/csu-hahnbach.de\/wp-content\/uploads\/2025\/04\/2025_02_10_Ortshauptversammlung_Suess-768x576.jpg 768w, https:\/\/csu-hahnbach.de\/wp-content\/uploads\/2025\/04\/2025_02_10_Ortshauptversammlung_Suess-1536x1152.jpg 1536w, https:\/\/csu-hahnbach.de\/wp-content\/uploads\/2025\/04\/2025_02_10_Ortshauptversammlung_Suess-1200x900.jpg 1200w, https:\/\/csu-hahnbach.de\/wp-content\/uploads\/2025\/04\/2025_02_10_Ortshauptversammlung_Suess.jpg 1920w\" sizes=\"(max-width: 709px) 85vw, (max-width: 909px) 67vw, (max-width: 1362px) 62vw, 840px\" \/><\/figure>\n\n\n\n<p><\/p>\n","protected":false},"excerpt":{"rendered":"<p>Vorsitzender:&nbsp;Uwe Friedrich Stellvertreter:&nbsp;Manfred Wendl Schriftf\u00fchrer:&nbsp;Ronald List Digitalbeauftragter:&nbsp;Uwe Friedrich Beisitzer:&nbsp;Norbert B\u00f6sl, Hans Koch, Werner Kohl, Johann Lederer, Bernhard Lindner, Jakob List, Alexander R\u00f6sl Delegierte in die Kreisvertreterversammlung:&nbsp;Norbert B\u00f6sl, Uwe Friedrich, Bernhard Lindner, Manfred Wendl<\/p>\n","protected":false},"author":1,"featured_media":471,"parent":0,"menu_order":0,"comment_status":"closed","ping_status":"closed","template":"","meta":{"footnotes":"","_links_to":"","_links_to_target":""},"class_list":["post-170","page","type-page","status-publish","has-post-thumbnail","hentry"],"jetpack_sharing_enabled":true,"_links":{"self":[{"href":"https:\/\/csu-hahnbach.de\/index.php?rest_route=\/wp\/v2\/pages\/170","targetHints":{"allow":["GET"]}}],"collection":[{"href":"https:\/\/csu-hahnbach.de\/index.php?rest_route=\/wp\/v2\/pages"}],"about":[{"href":"https:\/\/csu-hahnbach.de\/index.php?rest_route=\/wp\/v2\/types\/page"}],"author":[{"embeddable":true,"href":"https:\/\/csu-hahnbach.de\/index.php?rest_route=\/wp\/v2\/users\/1"}],"replies":[{"embeddable":true,"href":"https:\/\/csu-hahnbach.de\/index.php?rest_route=%2Fwp%2Fv2%2Fcomments&post=170"}],"version-history":[{"count":11,"href":"https:\/\/csu-hahnbach.de\/index.php?rest_route=\/wp\/v2\/pages\/170\/revisions"}],"predecessor-version":[{"id":490,"href":"https:\/\/csu-hahnbach.de\/index.php?rest_route=\/wp\/v2\/pages\/170\/revisions\/490"}],"wp:featuredmedia":[{"embeddable":true,"href":"https:\/\/csu-hahnbach.de\/index.php?rest_route=\/wp\/v2\/media\/471"}],"wp:attachment":[{"href":"https:\/\/csu-hahnbach.de\/index.php?rest_route=%2Fwp%2Fv2%2Fmedia&parent=170"}],"curies":[{"name":"wp","href":"https:\/\/api.w.org\/{rel}","templated":true}]}}

OV Süß

<p><strong>Vorsitzender:&nbsp;</strong>Uwe Friedrich</p>



<p><strong>Stellvertreter:</strong>&nbsp;Manfred Wendl</p>



<p><strong>Schriftführer:</strong>&nbsp;Ronald List</p>



<p><strong>Digitalbeauftragter:</strong>&nbsp;Uwe Friedrich</p>



<p><strong>Beisitzer:</strong>&nbsp;Norbert Bösl, Hans Koch, Werner Kohl, Johann Lederer, Bernhard Lindner, Jakob List, Alexander Rösl<br></p>



<p><strong>Delegierte in die Kreisvertreterversammlung:</strong>&nbsp;Norbert Bösl, Uwe Friedrich, Bernhard Lindner, Manfred Wendl</p>



<figure class="wp-block-image size-large"><img fetchpriority="high" decoding="async" width="1024" height="768" src="http://csu-hahnbach.de/wp-content/uploads/2025/04/2025_02_10_Ortshauptversammlung_Suess-1024x768.jpg" alt="" class="wp-image-460" srcset="https://csu-hahnbach.de/wp-content/uploads/2025/04/2025_02_10_Ortshauptversammlung_Suess-1024x768.jpg 1024w, https://csu-hahnbach.de/wp-content/uploads/2025/04/2025_02_10_Ortshauptversammlung_Suess-300x225.jpg 300w, https://csu-hahnbach.de/wp-content/uploads/2025/04/2025_02_10_Ortshauptversammlung_Suess-768x576.jpg 768w, https://csu-hahnbach.de/wp-content/uploads/2025/04/2025_02_10_Ortshauptversammlung_Suess-1536x1152.jpg 1536w, https://csu-hahnbach.de/wp-content/uploads/2025/04/2025_02_10_Ortshauptversammlung_Suess-1200x900.jpg 1200w, https://csu-hahnbach.de/wp-content/uploads/2025/04/2025_02_10_Ortshauptversammlung_Suess.jpg 1920w" sizes="(max-width: 709px) 85vw, (max-width: 909px) 67vw, (max-width: 1362px) 62vw, 840px" /></figure>



<p></p>

<p>Vorsitzender:&nbsp;Uwe Friedrich Stellvertreter:&nbsp;Manfred Wendl Schriftführer:&nbsp;Ronald List Digitalbeauftragter:&nbsp;Uwe Friedrich Beisitzer:&nbsp;Norbert Bösl, Hans Koch, Werner Kohl, Johann Lederer, Bernhard Lindner, Jakob List, Alexander Rösl Delegierte in die Kreisvertreterversammlung:&nbsp;Norbert Bösl, Uwe Friedrich, Bernhard Lindner, Manfred Wendl</p>
